2 and w.
8
Let l = 427 + -292. Calculate the greatest common divisor of l and 45.
45
Let j(a) = 7*a**2 + 4*a - 2. Let z be j(-2). Calculate the highest common factor of 666 and z.
18
Let p be 4/(-14) - 325/(-35). Suppose p*c = 13*c - 32. What is the highest common divisor of c and 24?
8
Suppose 3*x + 3*y - 363 = -y, 0 = -y - 3. Calculate the highest common factor of x and 10.
5
Let m be 1/(-2) - (-10)/20. Suppose -5*p + 0*p = m. Let v be (2 - 4) + p - -20. Calculate the highest common factor of 108 and v.
18
Let f(t) = 4*t + 4. Let u be f(6). Suppose a = -a + 5*y + 104, 4*y = -4*a + 180. Suppose -u = -w + a. What is the greatest common factor of 30 and w?
15
Let v(y) = y**3 - 5*y**2 - 17*y. Let n be v(9). What is the highest common factor of n and 9?
9
Let t(y) = -15*y + 243. Let k be t(16). Calculate the greatest common divisor of 121 and k.
1
Let w(k) = 37 + 21*k**2 - 57 + k**3 + 6*k + 10*k. Let n be w(-20). Calculate the highest common divisor of n and 24.
12
Suppose 2*u + 120 = 7*u. What is the greatest common divisor of 24 and u?
24
Suppose 7*n - 1390 = 4*n - i, 2*i - 8 = 0. Calculate the highest common factor of n and 84.
42
Let m(u) = -u**3 - 5*u**2 - u - 12. Let h be m(-5). Let g(w) = 2*w**2 + 9*w - 6. Let r be g(h). What is the greatest common factor of r and 58?
29
Let h(f) = -3*f - 11. Let a be h(-5). Suppose 12*y - 10*y = -a. Let o = y - -16. Calculate the greatest common factor of o and 112.
14
Let j(f) = -6*f**2 - 3*f. Let o be j(4). Let w = -54 - o. What is the highest common divisor of 6 and w?
6
Let v = -3621 + 6853. What is the greatest common divisor of v and 32?
32
Suppose 0 = 13*j - 3294 - 3141. Calculate the highest common divisor of 66 and j.
33
Let l(y) = y**3 + 7*y**2 - 7*y - 9. Let p be l(-7). Let d = 962 + -946. Calculate the greatest common factor of d and p.
8
Suppose -119 = -6*s + 49. Calculate the greatest common divisor of s and 36.
4
Suppose -b - 20 = 12. Let n = b + 46. Suppose -5*i = 3*g - 47, 2*g = 2*i + 24 + 2. Calculate the greatest common factor of n and g.
14
Let t = -24 + 40. Let l be (40/(-15))/(1/(-18)). Suppose 0 + l = 2*u. What is the highest common divisor of u and t?
8
Suppose 7*t = 182 + 154. What is the greatest common factor of 336 and t?
48
Suppose 5*j = -z - 118, -2*j + z = 81 - 31. Let h = -17 - j. What is the greatest common divisor of h and 28?
7
Let s(j) = -2*j**3 + 8*j**2 + 7*j - 13. Let w(g) = -g**3 + g**2 - 1. Let q(n) = -s(n) + 3*w(n). Let y be q(-6). Calculate the highest common factor of y and 11.
11
Let a be (-42 - -41)/((-112)/110 - -1). Calculate the greatest common divisor of 385 and a.
55
Suppose 440*i - 96 = 436*i. What is the greatest common factor of i and 96?
24
Suppose -9*f = -14770 - 11240. Calculate the highest common factor of f and 10.
10
Suppose -5*h + 45 = -5*l, -2*h + 30 = -0*h - 5*l. Suppose v - 20 = h*v, v + 2 = -t. Suppose t*u = -0*u + 72. What is the highest common factor of u and 36?
12
Suppose -q + 1 + 1 = 0. Suppose 4*m - 1 + q = b, 4*b - 4*m - 4 = 0. Let z be -1*b*(-162)/6. Calculate the highest common divisor of z and 3.
3
Suppose -5*d + 10 = 0, -2*q - d + 23 = -7. Let o = 4017 - 3961. What is the highest common factor of o and q?
14
Let b be 26426/28 + (-579)/(-2702). Calculate the greatest common divisor of b and 32.
16
Suppose 4*f - v - 77 = 0, -2*f - 4*v = -0*v - 52. Suppose -7*q + f = -2*q. Let g be 2 - -32 - 3/(-3)*2. What is the highest common factor of q and g?
4
Let g be 2/6 + (-26)/(-3). What is the highest common factor of 3 and g?
3
Suppose 5*p = -0*p - 3*i + 20, 4*p + 2*i - 16 = 0. Suppose 0 = t - 3*t - p. Let x = t + 35. Calculate the greatest common divisor of 66 and x.
33
Suppose 25*i - 27*i + 759 = 5*a, 5*i - a - 1884 = 0. Calculate the greatest common factor of i and 29.
29
Let t = 32 + -35. Let m be -2*t/2 - 2. Calculate the greatest common divisor of 11 and m.
1
Suppose 0 = 5*q + 170 + 5. Let u = -19 - q. What is the highest common divisor of 16 and u?
16
Suppose 0 = -2*v + 7*v - 175. Let d(i) = i**3 - 7*i**2 - 17*i - 5. Let j be d(9). Suppose -5*u + j*u + 7 = 0. What is the highest common factor of v and u?
7
Let g(j) = -6*j - 6. Let f be g(-2). Suppose -2*t + t = -f. Calculate the greatest common divisor of t and 54.
6
Suppose -r = a - 76, -2*a + r = a - 248. Suppose -4*o + 15 = -o. Suppose -o*p + 59 = 14. Calculate the greatest common factor of a and p.
9
Suppose -a = 5*z - 292, -3*a = 2*z - z - 820. Let x = a - 102. Let f = -484 - -501. What is the highest common factor of x and f?
17
Let s = 9 + -2. Suppose 4*l + 33 = s*l. Suppose 10*o - l*o + 48 = 0. Calculate the greatest common factor of o and 6.
6
Suppose -5*b + 31 - 1 = 0. Suppose -4*n - 10 - 2 = 0. Let y be (-1)/(n/9) - 0. What is the highest common divisor of b and y?
3
Let y = -8 - -10. Let p(b) = -5*b + 2 + y - 2. Let k be p(-2). Calculate the highest common divisor of k and 12.
12
Let q(v) = -2*v + 10. Suppose h + 47 = -3*k, 43 = -5*k + 2*k - 5*h. Let m be q(k). Calculate the greatest common factor of m and 42.
42
Let t = -30 + 42. Suppose -8*o = -4*o - t. Let y be (18 + -2)/(o/6). Calculate the greatest common factor of 48 and y.
16
Let q be (-1)/(3 - (165/(-54))/(-1)). What is the greatest common factor of q and 45?
9
Suppose -4*r = 5*m - 197, -5*m + 4 + 1 = 0. Let l = -57 + 97. Let b = 56 - l. What is the greatest common factor of r and b?
16
Let m(g) = 3*g**2 + 15*g + 4. Let i be m(-9). What is the highest common factor of i and 7?
7
Suppose t - 1 = 0, 2*d - 2*t + t - 27 = 0. Let k(u) = 8*u - 20. Let o be k(d). Let m = -47 + o. What is the greatest common factor of m and 9?
9
Let n(f) = -3*f + 5*f**2 + 3 - 9 + 4. Let q be n(-1). What is the highest common divisor of 12 and q?
6
Let y be (36/20)/((-3)/(-10)). Let c(o) = 5*o - 6. Let i be c(4). Calculate the highest common factor of i and y.
2
Let y be 2*(-1 - (-62)/4). Suppose 0 = 4*q - s - 346, 0 = 4*q + 4*s - 275 - 81. Calculate the highest common factor of q and y.
29
Suppose -x = -4*t + 3, -5*t = 3*x + 8 - 33. Suppose -10 = t*a, 0*g + 2*g + 38 = 4*a. Let z = -14 - g. Calculate the greatest common factor of 5 and z.
5
Let u be (5/(-1))/(10/(-150)). What is the highest common divisor of 105 and u?
15
Let t(r) = r**2 + 24*r - 13. Let u = 125 + -153. Let i be t(u). What is the highest common divisor of i and 22?
11
Let c = 588 - 84. What is the highest common factor of c and 7?
7
Let j(i) = -244*i + 193. Let n be j(-2). What is the greatest common divisor of n and 3?
3
Let f be (-6)/15 + (-676)/(-65). Calculate the greatest common divisor of f and 110.
10
Let n(i) = 111*i**3 + 2*i**2 + i. Suppose -o - 6 = -5*q, 0 = -5*o + q - 6. Let t be n(o). Let y = -35 - t. Calculate the greatest common factor of 25 and y.
25
Let m = -33 - 7. Let w = 64 + m. What is the greatest common factor of w and 4?
4
Suppose 6*w - 2*w - 32 = 0. Suppose 75*k - 117 = -42. What is the highest common factor of k and w?
1
Suppose -489 = -61*o - 123. Let p(b) = 2 + 27*b - 2. Let m be p(2). What is the greatest common divisor of o and m?
6
Let q be -3 - (0 + 3 - 34/1). Calculate the highest common divisor of 56 and q.
28
Let j(o) = -16*o**3 + 2*o**2 + 2*o + 1. Let i be j(-1). Let x = -13 + 13. Suppose 5*s - 348 + 8 = x. What is the highest common factor of s and i?
17
Let v(i) = -i**2 + 3*i + 33. Let l be v(0). Let z = 27 + l. Calculate the greatest common divisor of 420 and z.
60
Let w be -1 - 0 - (-5 - -7) - -2. Let j(t) = 251*t**2 + 3*t + 2. Let y be j(w). What is the highest common factor of y and 25?
25
Suppose y - 66 = 6. Calculate the highest common factor of y and 288.
72
Let g(z) = -z**2 - 10*z + 4. Let v be g(-10). Suppose -3*f - 3*p = -v*f - 6, 3*f - 5*p + 6 = 0. What is the highest common divisor of 3 and f?
3
Suppose 87 + 41 = -8*p. Let x = p + 56. Calculate the greatest common divisor of 8 and x.
8
Suppose 306 = 4*v - 46. Let f = -18 - -17. Let c be f + 15 - (-3)/(-1). What is the greatest common divisor of v and c?
11
Let m(r) = -r**3 + 5*r**2. Let l be (-11 + 12)*8/2. Let y be m(l). What is the highest common factor of 144 and y?
16
Let t = -548 + 708. What is the highest common factor of 60 and t?
20
Let u(x) = -x + 4. Let y(h) = -h**2 - h. Let l be y(-1). Let q be -11 - (l - -2) - -3. Let t be u(q). Calculate the highest common 